hat is the remainder when f is divided by m(4)?
25
Let s = -90 + 148. What is the remainder when s is divided by 15?
13
Suppose 0 = -0*j + 4*j - 40. Suppose -3*q + j = -o, 0*o + 2*o = -5*q + 24. Let i(w) = w**2 - w. What is the remainder when 34 is divided by i(q)?
10
Let z = -65 - -89. Calculate the remainder when 116 is divided by z.
20
Let d(i) = -3*i + 1. What is the remainder when d(-4) is divided by 7?
6
Calculate the remainder when 3/(-6)*-116*(-3)/(-6) is divided by 10.
9
Let w(f) be the first derivative of -f**3/3 + 9*f**2/2 - 8*f - 1. Calculate the remainder when w(6) is divided by 3.
1
Let g be -4*(1 + 18/(-8)). Suppose 0 = n - 5*w - 28, g*n - 6*w + 4*w = 25. Suppose q - 10 = -n. What is the remainder when q is divided by 4?
3
Suppose 2*g = d + 63 + 14, -g = -d - 41. Let y be (-8 + 1)*g/42. Calculate the remainder when -3*-1*(-22)/y is divided by 4.
3
Suppose 21*f + 96 = 25*f. Suppose -r - f = -5*r. Calculate the remainder when (-10)/(-1) - (-1 + 2) is divided by r.
3
Suppose 1 - 31 = 5*u. What is the remainder when (-3)/6 - 261/u is divided by 22?
21
Suppose -2*a = -3*a + 5. Let t(l) = 2*l - 1. Calculate the remainder when t(4) is divided by a.
2
Suppose 3*n + n - 60 = 0. Let p(w) = w**3 - 3*w**2 + 2*w + 2. Let q be p(2). Suppose -r - q*r = -84. What is the remainder when r is divided by n?
13
Let b be (1/2)/((-1)/(-10)). Suppose j - 14 = b. What is the remainder when 36 is divided by j?
17
Suppose -4 + 6 = -d. Let o be -1 - (0 + d) - -9. Suppose -3*r - o = -5*r. What is the remainder when r is divided by 3?
2
Let k(p) = -p**3 - 17*p**2 - 17*p. What is the remainder when k(-16) is divided by 9?
7
Let i = 33 + -53. What is the remainder when (30/8)/((-5)/i) is divided by 4?
3
Let v(x) = -2*x**3 - 2*x**2 - x. Suppose 10*m - 12*m = 12. Let b(q) = 2*q**2 + 8*q - 5. What is the remainder when b(m) is divided by v(-2)?
9
Let j = 18 - 8. Calculate the remainder when j is divided by (11 + -1)*(-2)/(-5).
2
Suppose 15 = 7*w - 4*w. Let f(q) = q**3 - 4*q**2 - 4*q + 3. Let m be f(w). Calculate the remainder when 13 is divided by 3/12 - (-54)/m.
6
Let c(v) = v**2 - 4*v - 4. Let j be c(-6). Let m = j + -33. What is the remainder when m is divided by 8?
7
Let q(m) = m**3 + m**2 + m + 6. Let y be q(0). Suppose 3*k - y = 5*k. Calculate the remainder when (2/k)/(6/(-9)) is divided by 1.
0
Suppose 5*n - 7*n + 22 = 0. What is the remainder when 32 is divided by n?
10
Let o = 13 - 7. What is the remainder when (-1)/(-5) + 316/20 is divided by o?
4
Let j(t) = 2*t + 17. What is the remainder when 21 is divided by j(-4)?
3
Let a(o) = o + 13. Let f(n) = -2*n**2 + 3*n. Let s be f(3). Calculate the remainder when a(s) is divided by 3.
1
Let b be 0 - -71 - 9/(-3). Suppose y + y = b. What is the remainder when y is divided by 19?
18
Let r(m) = -m**3 - m**2 + m. Let n be r(0). Suppose 0 = -n*f + 2*f - 24. What is the remainder when 35 is divided by f?
11
Suppose -a = -7 + 1. Suppose -13 = -3*x - 1. Calculate the remainder when a is divided by (x/(-12))/((-2)/24).
2
Suppose -38 = 4*h - 14. Calculate the remainder when (171/(-6))/(h/8) is divided by 10.
8
Suppose 3*c - c - 28 = 0. Suppose -p - 218 + 16 = 4*v, p + 2*v = -210. Calculate the remainder when p/(-8) + (-1)/4 is divided by c.
13
Let s = -14 + 30. Let k = s - 2. What is the remainder when 54 is divided by k?
12
Let u(l) = -4*l**2 + 4*l - 2. Let d be u(2). What is the remainder when 34 is divided by d/(-1) - 2/2?
7
Calculate the remainder when 2/10 - (-208)/10 is divided by 12.
9
Let c be (7 + -1)/((-24)/(-16)). Suppose c*u - 5*p - 2 = 0, -u + 3*p = -2*p - 8. What is the remainder when u/2 - 2*-7 is divided by 7?
6
Let v(z) = 9*z - 19. What is the remainder when 50 is divided by v(4)?
16
Suppose 2*o = -3*o + 80. What is the remainder when 43 is divided by o?
11
Let b(u) = -u**2 + 9*u + 7. What is the remainder when b(6) is divided by 9?
7
Let y(z) = -z**3 + 7*z**2 + 4*z. Calculate the remainder when y(7) is divided by 10.
8
Suppose 3 = 5*u + 88. Suppose -2*b = -3*b + 31. Let j = b + u. What is the remainder when 41 is divided by j?
13
Let o = -23 + 33. Calculate the remainder when o is divided by 4.
2
Let g(u) = 4*u - 5. Let a be g(5). Let m be (-136)/(-10) - 9/a. Suppose 5*x = -3 + m. Calculate the remainder when 5 is divided by x.
1
What is the remainder when 39 is divided by (-14)/2*3/(-1)?
18
Let a(g) = g**2 - 2*g + 6. Let k = 282 + -258. Calculate the remainder when k is divided by a(4).
10
Let f(w) = w**2 - 2*w - 3. Let c be f(6). Let p = -4 + 19. Let h = c - p. What is the remainder when 21 is divided by h?
3
Suppose 4*m = -0*m - 20, 4*m + 62 = 3*d. Calculate the remainder when d is divided by 8.
6
Let h = 5 + -8. What is the remainder when 58 - ((-9)/(-3) + h) is divided by 18 - (3 - (-2 + 7))?
18
What is the remainder when 15/(-10)*((-2960)/(-6))/(-5) is divided by 15?
13
Let g = 38 - 35. Calculate the remainder when g is divided by 2.
1
Let k = -31 + 58. Let x = -1 + 2. Calculate the remainder when k - x/2*0 is divided by 14.
13
Let o = -16 + 33. Let j be (18/(-4))/((-3)/6). Suppose 23 = h - j. Calculate the remainder when h is divided by o.
15
Suppose -2*f + 3*c + 19 = 0, -2*c + 4*c + 22 = 2*f. Calculate the remainder when (-4)/((-1)/10 + 0) is divided by f.
12
Suppose 4*w - 2*l = 86, 38 = w + 2*l + 9. Calculate the remainder when 160 is divided by w.
22
Let x = -29 + 44. Calculate the remainder when 346/6 - 4/(-12) is divided by x.
13
Calculate the remainder when (-1 + -2)*28/(-3) is divided by 11.
6
Let l(s) = 3*s**2 + 3*s + 1. Let p be l(-2). Let w = p - 4. What is the remainder when 3 is divided by w?
0
Let n = 11 + -8. Suppose n*f = -2*l - 0*l + 14, 3*f = 6. What is the remainder when l is divided by 1/(-4) + 13/4?
1
Let z(t) = t**3 - 2*t**2 - 3*t + 2. Let q be z(3). What is the remainder when 66 is divided by 46/(-4)*(-4)/q?
20
Let f = 111 + -89. Calculate the remainder when 39 is divided by f.
17
What is the remainder when 147 is divided by -6*((-7)/2 + (-2)/(-2))?
12
Let s(c) = -c**2 - 7*c + 1. Let i be s(-3). Let z = i + 3. Suppose z = n + 4. What is the remainder when 45 is divided by n?
9
Let t be (2/(-3))/(15/(-1170)). Let y = -37 + t. Calculate the remainder when 26 is divided by y.
11
Let x(i) = -3*i + 12. Calculate the remainder when x(-6) is divided by 11.
8
Suppose 0 = -9*z + 4*z + 2810. Suppose z = 5*k + 72. Calculate the remainder when k/3 - (-4)/(-6) is divided by 17.
15
Suppose -g = -5*c - 0*g - 10, 2*c + 22 = 4*g. Calculate the remainder when (-2)/(-4)*(7 + c) is divided by 1.
0
Suppose -5*c - 2 = n, 4 = -5*c - 2*n - 0. Suppose 0 = 3*t + 2*t. Suppose -3*r + t*r + 111 = c. What is the remainder when r is divided by 13?
11
Let r = 19 + -3. Suppose 104 = 3*q - 37. Calculate the remainder when q is divided by r.
15
Suppose -4*g = 2*d - 2, 4*g + 0*d + 7 = -5*d. Suppose -60 = g*n - 6*n. Let z = 32 - n. Calculate the remainder when z is divided by 9.
8
Let b(c) = c + 13. What is the remainder when 103 is divided by b(8)?
19
Let n = 7 - -8. Suppose -n = 4*b - 111. Let p = 14 + 33. What is the remainder when p is divided by b?
23
Suppose -21*z + 27*z = 330. Calculate the remainder when z is divided by 14.
13
Let z = -13 - 1. Let w = 11 - z. Calculate the remainder when w is divided by 13.
12
Let d = -73 + 109. Suppose -d = 5*x - 131. Let k(s) = 8*s**3 - 2*s**2 - 2*s + 3. What is the remainder when k(2) is divided by x?
17
Let y = 390 + -265. What is the remainder when y is divided by 43?
39
Suppose -u = -6*u. Let m = 2 + u. What is the remainder when 3 is divided by m?
1
Suppose o - 12 + 3 = 0. Calculate the remainder when 51 is divided by o.
6
Suppose 3*p + b + 18 = 0, 3*p + 31 = 3*b + 13. Let j(y) = y**2 + 2*y + 7. What is the remainder when j(p) is divided by 8?
7
Suppose 0 = f + s - 4*s - 16, -s = 4*f - 25. Suppose 0 = -4*k + 107 - f. Calculate the remainder when k is divided by 14.
11
Let h(s) = 2 + 2 - 2*s + 7*s**2 - 6 - 2*s**2. Let d be h(-3). Suppose 3*f - 83 = d. What is the remainder when f is divided by 15?
14
Let a = 20 - -9. Calculate the remainder when a is divided by (-14)/(2/(-2)) + 1 + 1.
13
Let f(a) = -a**3 - 9*a**2 - 4*a + 10. What is the remainder when 90 is divided by f(-9)?
44
Let j(v) = 3*v**3 - v**2. Let p be j(1). Suppose -p = -x - 4*k, 4*x - 17 - 31 = 